r of 143 and 104.
13
Calculate the greatest common factor of 59 and 59.
59
Calculate the highest common factor of 2806 and 366.
122
Calculate the highest common divisor of 610 and 732.
122
Calculate the greatest common divisor of 675 and 594.
27
Calculate the highest common divisor of 1848 and 114.
6
Calculate the highest common factor of 513 and 108.
27
Calculate the greatest common divisor of 833 and 490.
49
Calculate the highest common divisor of 440 and 352.
88
What is the greatest common divisor of 500 and 12?
4
What is the highest common divisor of 33 and 341?
11
Calculate the greatest common divisor of 395 and 4108.
79
What is the greatest common factor of 143 and 407?
11
What is the highest common factor of 104 and 2216?
8
Calculate the highest common divisor of 3180 and 75.
15
What is the highest common factor of 22 and 253?
11
What is the greatest common divisor of 27 and 45?
9
Calculate the highest common divisor of 580 and 16.
4
What is the highest common factor of 900 and 750?
150
What is the highest common factor of 2 and 342?
2
What is the highest common factor of 60 and 405?
15
Calculate the highest common divisor of 5 and 160.
5
Calculate the highest common divisor of 24 and 5508.
12
Calculate the highest common factor of 18525 and 855.
285
What is the greatest common factor of 23 and 115?
23
What is the highest common divisor of 5642 and 182?
182
What is the greatest common divisor of 266 and 1178?
38
Calculate the greatest common factor of 15 and 1395.
15
Calculate the greatest common divisor of 511 and 14.
7
Calculate the greatest common factor of 27 and 342.
9
What is the greatest common factor of 520 and 299?
13
What is the greatest common divisor of 92 and 15893?
23
What is the highest common factor of 333 and 207?
9
Calculate the highest common divisor of 435 and 30.
15
Calculate the highest common factor of 150 and 480.
30
What is the greatest common divisor of 25 and 10?
5
Calculate the highest common factor of 667 and 116.
29
What is the greatest common factor of 1890 and 140?
70
Calculate the highest common divisor of 432 and 48.
48
What is the greatest common factor of 38 and 266?
38
What is the greatest common factor of 418 and 22?
22
What is the greatest common factor of 111 and 1480?
37
What is the greatest common factor of 1376 and 8?
8
What is the greatest common factor of 974 and 6?
2
Calculate the highest common factor of 940 and 140.
20
Calculate the greatest common factor of 4 and 20.
4
What is the highest common divisor of 684 and 36?
36
Calculate the greatest common divisor of 654 and 18.
6
What is the highest common divisor of 165 and 385?
55
What is the greatest common divisor of 3408 and 48?
48
What is the highest common factor of 33746 and 94?
94
Calculate the greatest common divisor of 2926 and 77.
77
What is the highest common factor of 42 and 38514?
42
Calculate the greatest common factor of 1408 and 128.
128
Calculate the highest common factor of 105 and 840.
105
What is the greatest common factor of 170 and 160?
10
What is the highest common factor of 18 and 99?
9
Calculate the greatest common factor of 132 and 342.
6
Calculate the greatest common divisor of 7 and 567.
7
Calculate the greatest common factor of 1876 and 224.
28
What is the greatest common factor of 405 and 270?
135
Calculate the greatest common factor of 260 and 312.
52
Calculate the highest common factor of 1414 and 1212.
202
What is the greatest common divisor of 130 and 80?
10
What is the highest common factor of 741 and 912?
57
Calculate the highest common divisor of 5 and 1.
1
Calculate the greatest common factor of 182 and 1183.
91
Calculate the greatest common divisor of 11 and 5819.
11
Calculate the highest common divisor of 30 and 51270.
30
What is the greatest common factor of 125 and 85?
5
Calculate the greatest common divisor of 8 and 8.
8
What is the greatest common factor of 4865 and 417?
139
What is the greatest common factor of 545 and 4469?
109
What is the highest common divisor of 25 and 325?
25
What is the highest common factor of 9246 and 1608?
402
Calculate the greatest common factor of 588 and 1127.
49
What is the highest common divisor of 75 and 405?
15
What is the highest common factor of 24 and 96?
24
What is the highest common divisor of 208 and 2608?
16
What is the highest common factor of 24 and 716?
4
What is the highest common divisor of 86 and 215?
43
What is the greatest common divisor of 34282 and 122?
122
Calculate the highest common divisor of 22 and 253.
11
What is the greatest common factor of 7 and 21?
7
What is the greatest common divisor of 108 and 8154?
54
What is the highest common divisor of 1 and 1?
1
Calculate the highest common divisor of 2071 and 152.
19
What is the highest common factor of 69 and 23115?
69
Calculate the greatest common divisor of 6148 and 812.
116
Calculate the greatest common factor of 412 and 16.
4
Calculate the highest common divisor of 12428 and 13.
13
Calculate the highest common divisor of 10310 and 40.
10
What is the highest common divisor of 399 and 76?
19
What is the greatest common divisor of 24 and 472?
8
What is the highest common divisor of 75 and 240?
15
Calculate the highest common factor of 8000 and 2800.
400
What is the highest common factor of 255 and 60?
15
What is the highest common divisor of 88 and 27896?
88
What is the greatest common factor of 640 and 96?
32
Calculate the highest common divisor of 444 and 12.
12
Calculate the greatest common factor of 30 and 10.
10
What is the greatest common divisor of 102 and 1870?
34
What is the greatest common divisor of 2 and 334?
2
Calculate the highest common factor of 1309 and 385.
77
What is the highest common factor of 6826 and 2?
2
Calculate the greatest common divisor of 539 and 99.
11
Calculate the greatest common factor of 148 and 37.
37
Calculate the greatest common divisor of 2 and 890.
2
Calculate the greatest common divisor of 12 and 124.
4
What is the greatest common divisor of 13 and 533?
13
What is the highest common divisor of 30 and 1410?
30
What is the greatest common factor of 3328 and 26?
26
What is the greatest common factor of 18009 and 1305?
261
Calculate the highest common factor of 5061 and 252.
21
Calculate the greatest common factor of 493 and 1537.
29
What is the greatest common factor of 423 and 564?
141
What is the highest common divisor of 5916 and 255?
51
What is the highest common divisor of 18 and 126?
18
Calculate the highest common divisor of 3718 and 22.
22
Calculate the greatest common divisor of 15 and 85.
5
What is the greatest common factor of 54 and 288?
18
Calculate the highest common factor of 406 and 11977.
203
Calculate the highest common divisor of 1896 and 4.
4
Calculate the highest common divisor of 324 and 7209.
81
Calculate the greatest common divisor of 254 and 18034.
254
Calculate the highest common factor of 805 and 920.
115
What is the greatest common divisor of 261 and 58?
29
What is the greatest common divisor of 7684 and 68?
68
What is the highest common factor of 30 and 2025?
15
Calculate the greatest common factor of 94 and 1222.
94
What is the greatest common factor of 7327 and 85?
17
What is the greatest common divisor of 2152 and 16?
8
Calculate the highest common factor of 3 and 607.
1
What is the greatest common divisor of 189 and 161?
7
Calculate the highest common divisor of 40 and 1400.
40
What is the greatest common divisor of 147 and 252?
21
Calculate the highest common factor of 527 and 17.
17
What is the greatest common factor of 13 and 65?
13
What is the greatest common factor of 1155 and 525?
105
What is the highest common divisor of 781 and 213?
71
What is the highest common divisor of 22046 and 73?
73
Calculate the greatest common divisor of 120 and 4104.
24
What is the highest common factor of 9 and 129?
3
What is the greatest common factor of 18291 and 1365?
273
Calculate the highest common divisor of 224 and 252.
28
Calculate the greatest common divisor of 80 and 60.
20
What is the highest common factor of 4 and 118?
2
Calculate the highest common factor of 5 and 1545.
5
What is the highest common divisor of 13425 and 75?
75
What is the highest common factor of 15 and 1965?
15
Calculate the highest common divisor of 29 a